r of 5070672 and 16.
16
What is the highest common factor of 95 and 8425930?
95
What is the highest common divisor of 176 and 298628?
44
What is the greatest common factor of 22 and 5233712?
22
What is the highest common divisor of 9006 and 22002?
114
What is the greatest common divisor of 647725 and 65?
65
What is the highest common factor of 44932 and 564?
188
Calculate the greatest common factor of 187 and 9361.
11
Calculate the greatest common factor of 16 and 28064.
16
Calculate the greatest common factor of 20 and 38790.
10
What is the highest common divisor of 2898 and 73269?
63
What is the greatest common factor of 636 and 151474?
106
Calculate the greatest common divisor of 1188 and 308132.
44
What is the greatest common divisor of 288 and 10926?
18
What is the highest common divisor of 696 and 182613?
87
What is the highest common divisor of 9642 and 384073?
1607
What is the greatest common factor of 13 and 426894?
13
What is the highest common divisor of 48432 and 48?
48
What is the highest common factor of 3971671 and 5588?
1397
Calculate the highest common factor of 440 and 51304.
88
Calculate the greatest common factor of 2198 and 2288118.
2198
What is the greatest common factor of 14766 and 12198?
642
What is the greatest common divisor of 4960 and 28024?
248
What is the highest common divisor of 150225 and 75?
75
Calculate the greatest common divisor of 104 and 670904.
104
What is the greatest common factor of 1767 and 868?
31
Calculate the highest common divisor of 1757 and 42.
7
Calculate the highest common divisor of 103713 and 15471.
573
What is the greatest common divisor of 16093 and 1881?
209
Calculate the greatest common divisor of 55 and 47135.
55
What is the greatest common factor of 88627 and 154?
77
What is the highest common factor of 445 and 182005?
445
Calculate the greatest common divisor of 25137 and 2375.
19
What is the greatest common divisor of 5954 and 1145?
229
Calculate the greatest common divisor of 1948 and 63797.
487
Calculate the greatest common factor of 9108 and 240372.
396
What is the highest common divisor of 1828 and 188?
4
What is the highest common divisor of 110197 and 1052?
263
Calculate the highest common divisor of 99 and 15751395.
99
Calculate the highest common factor of 34 and 3450711.
17
Calculate the greatest common factor of 168531 and 33.
33
Calculate the greatest common factor of 1130 and 100118.
226
What is the greatest common factor of 32 and 802096?
16
Calculate the greatest common divisor of 428 and 56.
4
What is the highest common factor of 4684 and 60?
4
What is the highest common divisor of 31944 and 16104?
264
Calculate the greatest common divisor of 1539 and 151848.
513
What is the greatest common divisor of 40128 and 1331?
11
Calculate the highest common factor of 116 and 207495.
29
What is the highest common divisor of 3227 and 865297?
461
Calculate the greatest common divisor of 518 and 1155.
7
Calculate the highest common divisor of 273 and 1601964.
273
Calculate the greatest common factor of 356 and 141955.
89
What is the highest common divisor of 24511 and 508?
127
What is the greatest common factor of 392 and 10136?
56
What is the greatest common divisor of 38 and 17163878?
38
Calculate the highest common factor of 1162304 and 192.
64
Calculate the highest common divisor of 220724 and 448.
28
What is the highest common divisor of 1856 and 48448?
64
Calculate the greatest common divisor of 7920 and 177210.
990
What is the highest common divisor of 66671 and 2233?
319
What is the greatest common factor of 137403 and 2016?
63
What is the greatest common factor of 29 and 338923?
29
Calculate the greatest common factor of 111580 and 140.
140
What is the greatest common divisor of 405 and 213867?
27
What is the greatest common divisor of 4118 and 11786?
142
What is the greatest common divisor of 679995 and 6885?
405
Calculate the greatest common factor of 615 and 675270.
615
What is the greatest common factor of 8703 and 90?
9
What is the highest common divisor of 769638 and 6?
6
What is the greatest common factor of 155955 and 129260?
1405
What is the highest common divisor of 187363 and 11?
11
What is the highest common factor of 399 and 894501?
57
Calculate the highest common divisor of 16 and 24028.
4
Calculate the greatest common divisor of 894 and 1170842.
298
Calculate the greatest common factor of 918 and 92310.
102
What is the highest common divisor of 220 and 11820?
20
What is the highest common factor of 29094 and 624?
78
Calculate the greatest common divisor of 64 and 940.
4
Calculate the highest common divisor of 3500 and 31640.
140
Calculate the highest common divisor of 4531 and 15479.
23
What is the highest common factor of 20852 and 689?
13
Calculate the greatest common factor of 1197 and 11606.
7
Calculate the highest common divisor of 8477 and 8131.
173
Calculate the highest common divisor of 63304 and 10496.
328
Calculate the greatest common factor of 77 and 3652.
11
What is the highest common divisor of 398715 and 105?
15
What is the highest common factor of 306 and 189652?
34
Calculate the highest common factor of 890 and 85390.
10
Calculate the highest common factor of 26386 and 34918.
158
Calculate the greatest common factor of 6268655 and 4325.
865
Calculate the highest common divisor of 1430 and 15665.
65
What is the greatest common divisor of 3189913 and 841?
841
What is the highest common divisor of 1983045 and 438?
219
What is the highest common factor of 30 and 63795?
15
What is the highest common divisor of 238140 and 294?
294
Calculate the greatest common divisor of 18891 and 27.
9
What is the highest common factor of 400 and 5046800?
400
Calculate the highest common factor of 406 and 1724398.
58
Calculate the highest common factor of 8460 and 2640.
60
Calculate the greatest common divisor of 47628 and 644.
28
What is the highest common factor of 612 and 2742372?
612
What is the greatest common factor of 1044 and 39411?
261
What is the greatest common factor of 1459325 and 341?
31
Calculate the greatest common divisor of 4005 and 6255.
45
Calculate the greatest common divisor of 7 and 10249.
1
What is the greatest common divisor of 147744 and 36?
36
What is the greatest common divisor of 384432 and 48?
48
What is the greatest common divisor of 8816 and 38608?
304
What is the highest common factor of 9751 and 2587?
199
What is the highest common factor of 162936 and 35040?
1752
What is the highest common factor of 2805059 and 307?
307
What is the highest common factor of 5210 and 20?
10
Calculate the greatest common divisor of 301 and 185717.
301
Calculate the highest common factor of 29 and 3665.
1
Calculate the greatest common divisor of 4485 and 600.
15
What is the highest common factor of 148122 and 4914?
702
What is the greatest common factor of 301 and 1547?
7
What is the highest common divisor of 2652 and 37596?
156
What is the greatest common factor of 2907 and 108072?
171
Calculate the highest common divisor of 4944 and 188256.
48
What is the greatest common divisor of 825 and 144575?
25
Calculate the highest common factor of 480 and 6396.
12
What is the greatest common factor of 477605 and 1770?
295
Calculate the highest common divisor of 1598600 and 600.
200
Calculate the greatest common factor of 56 and 707812.
28
Calculate the greatest common factor of 544 and 18904.
136
Calculate the highest common divisor of 59432 and 5336.
184
What is the highest common divisor of 1655224 and 904?
904
Calculate the highest common divisor of 406006 and 172.
86
What is the highest common divisor of 291 and 75?
3
Calculate the highest common divisor of 454 and 323929.
227
What is the highest common factor of 600 and 6648?
24
What is the highest common factor of 6094 and 57062?
554
Calculate the highest common divisor of 182 and 549640.
182
Calculate the highest common divisor of 1072236 and 132.
132
What is the greatest common factor of 88173 and 6?
3
What is the highest common divisor of 275 and 9485?
5
What is the greatest common factor of 1997314 and 264?
22
What is the greatest common divisor of 94354 and 26?
26
What is the highest common divisor of 105204 and 2112?
132
What is the greatest common factor of 429 and 4134?
39
What is the h